1/15*j**5 + 0 - 4*j**2 + 0*j**3 - 1/24*j**4. Calculate a(1).
3
Let r(p) be the third derivative of p**4/24 + 5*p**3/6 - 2*p**2. What is r(-6)?
-1
Suppose 4*i - 16 = 4*u, -1 + 21 = -5*u. Suppose 4*a + 2*d + 26 = i, -3*d = -2*a + 4*a + 23. Let r(j) = -j**3 - 5*j**2 - 3*j + 2. Give r(a).
-2
Let l(g) = -g + 2. Let f be l(10). Let p = f - -13. Let q(c) be the first derivative of -c**2/2 + 2. Calculate q(p).
-5
Let j be (-1 - 0)/((-6)/(-6)). Let i(h) = h. Determine i(j).
-1
Let k(q) = -14*q**2 + q - 1. Let h be (-1)/(((-1)/2)/(2/4)). Give k(h).
-14
Let y(o) be the second derivative of o**4/12 - 4*o**3/3 + 7*o**2/2 - o - 19. Give y(6).
-5
Let k(u) = u - 6. Let y(m) = -m**3 - 12*m**2 + 13*m + 4. Let h be (-2)/11 - (-282)/(-22). Let x be y(h). Give k(x).
-2
Let p be 5*(8/10 - 2). Let f be 4/p*(-4 - 2). Let u(h) = 5 + 2 - 1 + 4*h**3 - 5*h**3 + f*h + 5*h**2. What is u(6)?
-6
Let s(q) = -q + 2. Let z(c) = -4*c + 8. Let d be -1 - (-3)/(3/(-1)). Let r(t) = d*z(t) + 9*s(t). Let y be (-4 + (-32)/(-12))*-3. Determine r(y).
-2
Let c(x) = 24*x**3 - 3*x**2 + 4*x - 1. Let u(z) = 72*z**3 - 8*z**2 + 11*z - 3. Let y(q) = -8*c(q) + 3*u(q). Calculate y(1).
24
Let m(y) = 27*y - 14. Let s(g) = 9*g - 5. Let q(t) = -4*m(t) + 11*s(t). Give q(1).
-8
Let m be (-13)/(-1) + (-2 - -3). Suppose -16 = 5*t + 3*d - 2, 2*t + 4*d + m = 0. Let o(s) = -5*s. Calculate o(t).
5
Let c(x) be the third derivative of x**5/60 - 7*x**4/24 - 5*x**3/6 - 24*x**2. Give c(6).
-11
Let q be 2 + (6/(-4) - 0). Let v(r) be the first derivative of -q*r**2 + 6*r - 1. Calculate v(5).
1
Suppose -36 + 4 = -16*u. Let q(x) = -2*x**3 - x + 2. What is q(u)?
-16
Let b(i) be the third derivative of i**5/60 + i**4/6 + i**3/6 + 25*i**2. Give b(-4).
1
Let c(v) be the third derivative of -v**5/20 + v**4/24 - 8*v**2. Give c(1).
-2
Let k(a) be the first derivative of -1/4*a**4 + 3/2*a**2 + 2*a - a**3 - 6. Calculate k(-3).
-7
Let m(d) be the third derivative of d**5/30 - d**4/6 + d**3/2 + d**2. Suppose -4*i = 3*k - 40, 5*i + 0*i + 4 = 3*k. Suppose -2*f + k = 2*f. Give m(f).
3
Suppose 3*x - 19 = -4*y, -x + y + 1 - 4 = 0. Let k(r) = -5 + r + x + 1 + r. Determine k(3).
3
Let w(i) = -3*i + 2. Suppose 0 = 2*k - q + 1, -2*k - 2*k - 2*q - 14 = 0. Let x be (k + -2 + 4)/1. Suppose 0 = -4*z + 2*m - 18, x*z - 2*z = 4*m - 16. Give w(z).
8
Let r(k) = 16*k**3 - 13*k**3 + k - 4*k**2 + 2 + 3 - 3. Give r(2).
12
Let b be (-44)/(-16) - (-2)/8. Let a = b + -3. Let x = 2 - a. Let u(j) = -j + 1. Give u(x).
-1
Let h(p) = -2*p - 7. Let b(w) = 3*w + 8. Let i(d) = -3*b(d) - 4*h(d). Let k be 2 - (-6)/(3/(-1)). Suppose k*x - 12 = -4*x. Give i(x).
1
Let a = -23 + 25. Let h(b) = -2*b**3 + 3*b**2 - 2*b + 1. What is h(a)?
-7
Let g(n) = -13*n**2 + n**2 + 0*n + 11*n**2 + 2*n. Give g(5).
-15
Suppose 5*t = 15, -2*c + 3*c + t - 4 = 0. Let h(b) = 4*b**2 - 2*b + 1. Give h(c).
3
Let q(d) be the second derivative of -1/6*d**4 - d + 0 - 1/20*d**5 + 0*d**3 - d**2. Determine q(-2).
-2
Let p(q) = -2*q - 11. Let s be p(-8). Suppose s*u - 4*r = -45, 0 = -u + r - 8 - 2. Let z(h) = -10*h + h**3 + 2*h**2 + 2*h**2 - 7 + 4*h. Calculate z(u).
-2
Suppose -2 = -3*w + 4. Let x(t) = 0 - 2 + 4 - w*t. What is x(3)?
-4
Let n = 8 - 3. Suppose 2*w - 3*a = -12, -1 = a - n. Let i(s) = 7*s - 4 - 3*s**2 + 7*s**2 + w - s**3. Calculate i(5).
6
Let k(c) be the third derivative of -c**7/1260 - c**6/240 + c**5/30 - c**4/24 - 4*c**2. Let b(i) be the second derivative of k(i). Determine b(-3).
-5
Let z be (-4)/(-18) - (-190)/(-45). Let v(y) = y**2. Determine v(z).
16
Let t(k) be the first derivative of 1/24*k**4 + 1 + 0*k - k**2 + 1/60*k**5 + 1/6*k**3 - 1/30*k**6. Let g(z) be the second derivative of t(z). What is g(-1)?
5
Let t(l) = l**2 + 2*l - 4 - 4*l - l. Let r be t(5). Let m(q) = q - 9. What is m(r)?
-3
Let u(t) be the first derivative of -t**2/2 + 6*t + 2. Give u(6).
0
Let a(x) = 2*x - 4. Let l be (3 - -9)*1 + 0. Let t = l + -7. What is a(t)?
6
Let m(j) be the first derivative of -j**3/3 - 5*j**2/2 + 2*j + 13. Give m(-5).
2
Let j(p) = p**3 - 2*p**2 + 2*p - 1. Suppose 3*n - 3 = -0. Give j(n).
0
Suppose 0*d - 25 = 5*d. Let b(f) = -2 + 1 + 5 + f. Calculate b(d).
-1
Suppose s - 5*s + 20 = 0. Let l = 9 - s. Let d(v) = -3*v - 7. Let p(j) = -j. Let h(g) = d(g) - 4*p(g). Give h(l).
-3
Let o(i) = i**2 + i - 1. Let s(h) = -6*h**2 - 7*h + 8. Let f(j) = -5*o(j) - s(j). Calculate f(-4).
5
Suppose 0 = 3*a + 11 + 1. Let u = a - -8. Let r(g) = -g**3 + 4*g**2 - 3*g + 6. What is r(u)?
-6
Let r be 1/(-50)*(-70)/168. Let t(i) be the third derivative of -2*i**2 - 1/15*i**5 + 0*i + 0*i**3 + 1/24*i**4 - r*i**6 + 0. Give t(-4).
-4
Let t(j) = -11*j. Let k(h) = 21*h + 1. Let y(x) = -4*k(x) - 7*t(x). What is y(-4)?
24
Let q(z) = 2*z**2 + 3*z + 2. Let d be q(-1). Let n(l) = -4*l**3 + 11 + 5*l**2 - d + 3*l**3 - 3 + 6*l. Calculate n(6).
7
Let q(t) = -3*t**2 + 3*t. Let y(l) = -27*l + 1. Let b be y(-1). Suppose -b = -5*u - 3. Let o = u + -3. Give q(o).
-6
Let g(m) = -m**3 + 3*m**2 + 5*m + 3. Suppose 0*b - 20 = -5*b. Give g(b).
7
Let s(t) = -3*t**2 - 13*t + 13. Let j(h) = -2*h**2 - 12*h + 12. Let o(g) = -4*j(g) + 3*s(g). Give o(7).
5
Let x(f) = -8*f**2 + 54*f + 10. Let r be x(7). Let m(p) be the first derivative of -1 + 4*p + 1/2*p**2. Calculate m(r).
0
Let k(t) = -t**3 - t. Let l be k(0). Let o(m) = -m + 1 + l + 3. Let i(y) = y**3 - 27*y**2 - 24*y - 108. Let c be i(28). Give o(c).
0
Let w(g) = -7 + 2*g + 2 - g**2 + 1 - g**3. Let l be (-12)/(-3)*(-6)/(-8). Suppose 4*t + 3 = l*t. What is w(t)?
8
Let l = -1 + 4. Suppose 5*w - 4*p = -17, -5*p = -7*w + l*w - 10. Let g(z) = z**3 + 4*z**2 - 6*z. What is g(w)?
5
Suppose 4*v = -5*n - 22, n = -v - 4*n - 13. Let s be (1*v)/((-3)/2). Let r(f) = f + 2. Let i(q) = 2*q + 4. Let y(g) = 2*i(g) - 5*r(g). Determine y(s).
-4
Let f(l) = l + 1. Let u be f(1). Let r(v) be the third derivative of -v**4/12 - v**2. What is r(u)?
-4
Suppose 4*f = 3*j - 15, 2*j = j - 4*f - 11. Let r(p) = p - j - 2 - p**2 - p + 3*p. Calculate r(2).
-1
Let z(h) = 0 + 0*h + 0*h - 3*h - 6. Calculate z(-6).
12
Let k(m) = -15*m - 5. Let i(w) = 8*w + 2. Let y(o) = -11*i(o) - 6*k(o). Let c(u) = -u + 1. Let v be c(7). Determine y(v).
-4
Let g(o) be the second derivative of o**5/120 + o**3/6 - 2*o. Let l(a) be the second derivative of g(a). Let d be 4/(-1) + 2 + -2. Calculate l(d).
-4
Let k(g) be the third derivative of g**4/8 - g**3 + g**2. Determine k(4).
6
Let a(h) = -14*h - h**3 - 2*h**2 + 1 - 2*h**2 + 16*h. Let v(m) = m**3 - 9*m**2 - 10*m - 4. Let g be v(10). Calculate a(g).
-7
Let u = -10 + 5. Let x(s) be the first derivative of -s**2/2 + s + 34. Calculate x(u).
6
Suppose -u - o + 2 = -4*o, 16 = -2*u - 4*o. Let r(d) = -3*d**3 + d**2 - 13*d + 13. Let n(t) = 2*t**3 + 7*t - 7. Let l(k) = 5*n(k) + 3*r(k). Determine l(u).
4
Suppose -6*d + 2*q - 20 = -2*d, 3*d + 4*q + 4 = 0. Let i(k) = 2*k**2 + k - 2. Let n(x) = 9*x**2 - 14. Let z(h) = 5*i(h) - n(h). What is z(d)?
0
Let m be (-16)/(-4)*(-3)/(-4). Let l(c) = -c**2 - c**3 + 0*c**2 + 0*c**m + 3*c - 4 + 2. Calculate l(2).
-8
Let y(t) = 2*t**2 - 17*t - 7. Let i(d) = -d**2 + 8*d + 3. Let n(q) = -7*i(q) - 3*y(q). Let k = 20 - 16. Give n(k).
-4
Suppose 1 = j + 5*g - 5, 2*g - 4 = -2*j. Let n(s) = -1 - s - s + 0*s + 2. Determine n(j).
-1
Let t(u) = -u**2 + 3*u + 2. Let f(b) = -b**2 + b + 4. Let q be f(0). Let w = q + 0. Let h = -6 + w. Give t(h).
-8
Let k(c) = -c**2 + 3*c + 4. Let m = -22 - 14. Let x be m/(-21) - 2/(-7). Let w be (-10)/(-4)*4/x. What is k(w)?
-6
Let y = -73 - -76. Let l(d) = -d**3 + d**2 + 5*d - 2. Calculate l(y).
-5
Let h(o) = -5 - o**3 - 245*o + 15*o**2 - 9*o**2 + 253*o. Give h(7).
2
Let m(l) be the first derivative of l**4/4 - 2*l**3 + 5*l**2/2 + 5*l + 19. Suppose -5*y - 3 - 7 = 0. Let k = 7 + y. Calculate m(k).
5
Let c = -74 + 43. Let x = c - -14. Let b be (x + 2)*2/(-6). Let a(l) = -3*l + 6. Give a(b).
-9
Let f(x) = x**2 + 6*x + 4. Let n be f(-4). Let p(v) = 2 + 5*v**2 + 2*v**3 - v**3 + 0*v**3 + 4*v. What is p(n)?
2
Suppose -5*z = 2*h + 32, 5*h + 1 - 2 = z. Let l(d) be the third derivative of d**6/120 + d**5/10 + d**4/12 + 4*d**3/3 + 5*d**2. Calculate l(z).
-4
Let y be 2/(-9) + 282/54. Let s(a) = -3 + a + y*a - 3*a + 2. Calculate s(-2).
-7
Let o(f) = -f + 1. Let y(l) = -l + 7. Let n(i) = i**2 + 3*i - 1. Let s be n(-3). Let g(j) = s*y(j) + 4*o(j). Calculate 